. Let b be u(2). Let g(v) = q*v + b + v**2 - 8*v - 2. Give g(5).
6
Let f(b) = 4*b**2 - 3*b**2 + b - 3*b**2. Suppose -3*v + 3*t + 6 = 0, 2*v - 2*t = 4*v. Calculate f(v).
-1
Suppose 20*d + 18 = 17*d. Let p(q) = q**3 + 7*q**2 + 3*q - 5. Give p(d).
13
Let k(r) = r + 2. Let q be 3/12*-30*(-8)/10. Suppose 0 = -2*a + 22 - q. Calculate k(a).
10
Let z(k) = -8*k - 5. Let i(j) = -j + 0 + 4 + 3*j + 6*j. Let x(l) = 5*i(l) + 4*z(l). Give x(-1).
-8
Let v(u) be the first derivative of u**2/2 + 7*u + 215. Suppose 2*t + t + 18 = 0. Calculate v(t).
1
Suppose -5*t - 10 = 4*z, 4 = -t - 3*z - 9. Suppose t = -5*c + 2*p, 4*p = -3*c + 3*p - 10. Let w(x) = -2*x**2 - 2*x - 3. Determine w(c).
-7
Let x = -36 - -32. Let s(o) = o**2 + 7*o + 6. Let m be s(x). Let a(d) = d**3 + 7*d**2 + 6*d. Give a(m).
0
Let d(n) = 3*n - 2. Let s(u) = 6*u - 3. Let a(v) = -5*d(v) + 3*s(v). Let w be (-108)/5 - 36/(-60). Let h = w + 19. Give a(h).
-5
Let a(c) be the second derivative of c**4/12 + c**3/2 - 4*c**2 + 3*c. Let m(o) = o**2 - 7*o - 6. Let j be m(7). Give a(j).
10
Let o(p) be the third derivative of p**5/60 + 5*p**4/24 - 5*p**3/6 + 8*p**2. Suppose 3*n + 52 = 16*n. Determine o(n).
31
Let d(m) = -m**3 + m**2 - m + 1. Let v(p) = -6*p**3 - 10*p + 3. Let u(o) = 5*d(o) - v(o). Determine u(-4).
-2
Let w(u) = u**3 - u**2 + u + 1. Suppose 3 = -3*z - j - 13, -2*j = -5*z - 12. Suppose -3*r + 15 = 0, 3*r = -p - 0*p + 9. Let n = z - p. Determine w(n).
7
Let x(i) = -6*i + 5 + 2*i - 2. Suppose 0 = 5*m - 34 + 24. Determine x(m).
-5
Let f(q) be the third derivative of q**5/60 - q**4/12 - 7*q**3/3 - 63*q**2 - 1. Calculate f(6).
10
Let j(w) = w**2 - 6*w - 1. Let g(k) = -4*k - 6. Let p(o) = 4*o + 21. Let m be p(-6). Let x be g(m). Calculate j(x).
-1
Let u be (7 - 4) + 1 + -4. Suppose -17 = -5*p + 2*d, 4*p - 4*d + u = 4. Let x(v) = -v**3 + 3*v**2 + 6*v + 7. What is x(p)?
-13
Let m(k) = -k**3 - k. Let d(f) = -3*f**3 + 87*f**2 - 3*f - 1 + f - 86*f**2. Let u(s) = -d(s) + 5*m(s). Calculate u(2).
-25
Let k(r) = r**2 + 2*r - 2. Suppose 3*x = -5*z + 6 + 12, 2*z = 0. Let b be (3/x)/(5/(-100)). Let d be (-2)/3*(-45)/b. Determine k(d).
1
Let w = 37 + -35. Let a(r) = r**3 + 2*r**2 + 8*r**2 - 5 + 4 + 6*r - 3*r**w. Give a(-6).
-1
Let v(b) be the first derivative of b**2/2 + 2*b + 39. Determine v(-3).
-1
Let q be 0 - 5 - (0 + -1). Let m(k) = 4*k**2 - 4. Let v(b) = b**2 - b - 1. Let r(u) = -2*m(u) + 6*v(u). Let y(j) = j. Let x(o) = -r(o) - y(o). Calculate x(q).
10
Suppose 3*k = -26 + 5. Let t(q) = -q**2 - 9*q - 3. Calculate t(k).
11
Let k(p) = p**2 - 16. Let x be (-3)/21 - 90/(-42). Suppose 5 = x*j + 1. Suppose 0*y + 2*y = 2*c + j, y = -4*c + 1. Determine k(c).
-16
Let z(l) = l + 12. Let v(d) be the third derivative of d**6/24 - d**4/8 - d**3/2 + 12*d**2. Let a be v(-1). What is z(a)?
7
Let d(f) = -f**3 - 9*f**2 + 4*f - 12. Suppose -12*x - 580 = 46*x. Determine d(x).
48
Let g(f) = -f + 6. Let o(t) = t**2 - t. Let b be o(1). Let i(r) = -197*r - 764. Let y be i(-4). Suppose 12*x - 8*x - y = b. Calculate g(x).
0
Let c(p) be the second derivative of p**5/20 + p**4/6 + p**2/2 - 4*p. Suppose -17 - 18 = -5*j. Let o be ((-115)/35 + 3)*j. Give c(o).
1
Let r(j) = 11*j - 29. Let g(i) = 5*i. Let c(b) = g(b) - r(b). What is c(7)?
-13
Let r = -2 - 2. Let f(b) = -94*b + 1 + 91*b + 0. What is f(r)?
13
Let o(f) = -f - 3. Let b(h) = h + 2. Let x(z) = -7*b(z) - 6*o(z). Determine x(3).
1
Let d(c) be the second derivative of -c**3/6 - 3*c**2 - 206*c. Let g be 0/(3/3 - -1). Calculate d(g).
-6
Let r(u) = u - 9. Let t(q) be the second derivative of -q**3/6 + 4*q**2 - 3*q. Let m(w) = 3*r(w) + 4*t(w). Let j = 4 + 0. Calculate m(j).
1
Suppose -4*y = -5*w - 22, 2 = -4*w - y - 3. Let q be (-2)/(-6)*(6/w - 0). Let j(k) = -k**3 - 2*k - 1. Calculate j(q).
2
Let w(n) = -n**3 - n**2 + 3*n - 2. Let q(b) = b**3 - 14*b**2 - 8*b + 109. Let j be q(14). Determine w(j).
7
Let h(d) = -14*d - 1. Let v be (7/(-14))/(-1)*-2. Give h(v).
13
Let l(c) = 3*c**2 + 2. Suppose 8*d + 93 = 77. Calculate l(d).
14
Let r(f) = f**3 - 4*f**2 + 2*f + 2. Let v be 88/(-33)*(-3)/2. Suppose -v*j = -16, 4*d + 6*j = 11*j - 4. Calculate r(d).
10
Let r(o) = 59 + 8*o + 6*o**2 - 63 - 8*o**2. Determine r(6).
-28
Suppose 0 = -4*k + 2*p - 6, -5*k = p - 2*p + 15. Let a(r) be the third derivative of r**5/60 + r**4/4 + r**3/6 + 4*r**2 + 7*r. Give a(k).
-7
Suppose -2*w = -3*s + 32, -4*s + 4*w + 24 = -3*s. Suppose 4*g + 0*g = s. Let o(l) = -6*l**g + 2 - l + 2 - 3. What is o(1)?
-6
Let t(b) = 3 + 11*b - 6*b - 2. Let w be t(1). Let z(x) = w*x**2 + 4*x + 5*x**2 - 9*x**2 + 2*x**2 + 3. What is z(-2)?
11
Let o be (25/(-125))/(2/(-50)). Suppose 0 = x - 5*g - 17, 2*x + g + o = -2*g. Let v(f) = -2*f + 2. Give v(x).
-2
Let r(o) = o**3 - 2*o**2 - o. Let q(b) = 9*b + 27. Let y(c) = c. Let g(m) = -q(m) + 4*y(m). Let d be g(-6). What is r(d)?
6
Let l(n) be the first derivative of n**2/2 - n - 484. Let i = 12 + -7. Give l(i).
4
Let o(d) = -d**2 + 7*d + 21. Let z = -1602 + 1611. Determine o(z).
3
Let o(r) be the third derivative of -r**5/60 - 13*r**4/24 + r**3/6 - 121*r**2. Calculate o(-10).
31
Let b be (-1)/3 - (-2)/6. Let q(i) = -5*i**2 + 11*i - 50. Let y(k) = -2*k**2 + 4*k - 17. Let v(a) = 3*q(a) - 8*y(a). What is v(b)?
-14
Let b(u) = u + 1. Let n(z) = z**3 - 4*z**2 - 4*z - 3. Let f be n(5). Suppose -f*q + 10 = -2*t + 3*q, -5*q = -3*t - 5. Give b(t).
6
Let k(j) = -69*j - 126. Let r be k(-2). Let q(h) = h**3 - 12*h**2 - h + 15. What is q(r)?
3
Let a(b) = 2*b - 40. Let c be (-4 - 108/(-24))*(3 + -3). Calculate a(c).
-40
Let y(f) = f**2 - 13*f - 12. Let v = 33 + -19. Let a be y(v). Let s(g) be the second derivative of -g**5/20 + g**4/6 + g**3/6 + g**2/2 - 2*g. Give s(a).
3
Let c(l) = -l**2 + 2*l - 1. Suppose 4*b = -4 + 8. What is c(b)?
0
Let g = -12 - -19. Suppose 0 = -g*n - 4 - 10. Let o(w) be the third derivative of -w**6/120 - w**5/20 + w**4/12 + w**3/3 + w**2. Determine o(n).
-6
Suppose -6 = -7*x + 4*x. Let t(f) be the second derivative of 1/4*f**4 - 1/3*f**3 + f - 1/20*f**5 + f**2 + 0. Give t(x).
2
Let r(d) be the third derivative of -37*d**2 + 1/120*d**6 + 1 + 0*d + 1/3*d**3 + 1/15*d**5 - 1/4*d**4. Give r(-5).
7
Let z(h) be the first derivative of -1/3*h**4 + 0*h - 1/6*h**3 + 1/2*h**2 - 1. Let j(b) be the second derivative of z(b). What is j(1)?
-9
Let q(f) = f**3 - f**2 + 1. Let j(x) = x**2 - 22*x - 2. Let k be j(0). Determine q(k).
-11
Let h(z) = 0 - z**3 - 5 - z**2 - 3 + 1. What is h(0)?
-7
Let h(w) = w**3 + 8*w**2 - 3. Suppose 0 = -q + 3*q - 6. Suppose -7*s - q = 53. Determine h(s).
-3
Let y(z) = -z**3 + 6*z**2 - 5*z - 4. Suppose 9*g = -18 + 45. What is y(g)?
8
Let o(a) = 17 + 5*a + 1 - 9 - 13. Give o(1).
1
Suppose 2*t + 12*u = 7*u + 2, t + 3*u - 3 = 0. Let i(s) = -s**2 - 9*s + 4. What is i(t)?
4
Let i(s) be the third derivative of 0 - 4*s**2 - 3/2*s**3 - 1/24*s**4 + 0*s. Let q(t) = -t - 5. Let d be q(-5). What is i(d)?
-9
Let p(f) = -f + 7. Let y be p(5). Let j(x) = -2 + x**2 - y*x - x - 2*x - x. Suppose a + 4 = -2*b, -13 = -a + 5*b + 18. Determine j(a).
-2
Suppose -4*k - 29 = -3*g, -2*g = -3*k - 18 - 3. Let t(y) be the third derivative of 1/60*y**5 - 1/24*y**4 + 0*y + 2/3*y**3 + 0 - 4*y**2. Give t(g).
10
Suppose 0 = -0*s + 5*s. Let n be (2 - 4)*(s + 1). Let i(u) = 3 + 0*u - 9*u + 11*u. Give i(n).
-1
Suppose -3*b = -1 - 17. Let f(o) = 3*o + o - b*o + o - 3. Let q(w) = w**2 + 7*w + 4. Let l be q(-5). What is f(l)?
3
Let a(x) = 7*x + 10. Let r(u) = -17*u + 323. Let v be r(19). Calculate a(v).
10
Let j(t) = -t**2 - 4*t + 1. Let u(b) = -3*b**3 + b**2 + 2*b + 1. Suppose 4*y = -2*g - 6, g = 4*y - 0*g + 3. Let f be u(y). Suppose 9 = -f*q - 3. Determine j(q).
1
Let p(h) = h**2 - h - 3. Let s = 17 + -12. Suppose 5 = m, 0*r - s*r + m = -15. Determine p(r).
9
Let a(y) = 2*y + 2 + 0*y - 4*y. Suppose n - p - 211 = -3*n, -3*p = 2*n - 109. Let h = 55 - n. What is a(h)?
-2
Suppose 8*v - 4*v = 28. Let i(s) = 8*s**2 - 4*s - 5 + 0*s - 4*s - s**3. Calculate i(v).
-12
Let w(m) = m**2 - 7*m - 1. Suppose 0 = 16*o - 11 - 85. Suppose n + 2*v + 24 = 5*n, -3*v = n - o. Determine w(n).
-7
Let x(c) = c**3 - 5*c**2 - 7*c + 6. Let f = 74 - 36. Let p = -32 + f. Give x(p).
0
Let z = 143 - 141. Let v(s) = -3*s - 4 + s**2 + 11*s - 3*s - z*s. What is v(-5)?
6
Let m(o) = 60 + 76*o - 47*o + 6 - 39*o. Calculate m(7).
-4
Let z(o) = -o**3